7. Let a(u) = 21*h(u) - 10*w(u). Determine a(-7).
24
Suppose 19*j + 5*j = 2232. Let w = j - 95. Let r(q) = -4*q**2 + 2. Calculate r(w).
-14
Let c(l) = l**2 + 7*l + 4. Let z be 1/(-2) + (-22)/16*4. Let r(o) = -4*o**2 - 30*o - 17. Let v(f) = z*r(f) - 26*c(f). What is v(-4)?
-26
Let c(f) = 5 + 6*f + 14 - 5*f + 0 + 3 - 2. Let q(d) = 3*d + 3. Let l be q(-5). Give c(l).
8
Let i(h) = 71*h**2 + 112*h + 34. Let q(j) = -25*j**2 - 38*j - 11. Let n(w) = -6*i(w) - 17*q(w). Determine n(-17).
136
Let j(a) = -a**2 + 26*a - 49. Let l be j(25). Let o be (l/9)/(-4) + (-5)/(-15). Let d(x) = 6*x**3 - 1. Determine d(o).
5
Let g(u) = 9*u + 8201 - 8207 + 2*u. Let r(d) = -2*d**3 + 14*d**2 - 2*d + 18. Let i be r(7). Calculate g(i).
38
Let d = 151 - 155. Let r(h) = 2*h - 32. Let u be r(17). Let c(f) = -32*f**u + 3*f - 32*f**2 + 65*f**2. Calculate c(d).
4
Let j(w) = -w**2 - w - 3. Let q = 17 - 12. Suppose f - 1 = 4*b - 3*b, -4*f + 3 = -q*b. Suppose -f*k + 4*p = 20, 0 = k + p + 4*p - 25. Determine j(k).
-3
Let a(d) = -276*d + 816*d - 277*d - 269*d + 95. Give a(11).
29
Let p(u) be the second derivative of u**7/2520 + u**6/120 + u**5/60 + u**4/3 - 90*u. Let r(w) be the third derivative of p(w). Give r(-5).
-3
Let q(r) = -9*r**3 + 2*r**2 - 1. Let u be q(-1). Suppose h = -j + 4, -j + 2*h - u = 1. Let g(f) = -13*f. Calculate g(j).
13
Let s(l) = -l**3 + 7*l**2 + 2*l - 16. Let x = 547 - 105. Let k = x - 435. Give s(k).
-2
Let f(p) be the second derivative of -2 - 10*p - 3/2*p**2 - 1/3*p**3. What is f(-11)?
19
Let k = -7 + 5. Let y(w) = w**2 + 7*w + 502. Let o(m) = m**2 + 8*m + 558. Let a(g) = -9*o(g) + 10*y(g). Give a(k).
6
Let h(k) be the third derivative of k**5/60 - 5*k**4/6 + 23*k**3/2 - 4494*k**2. What is h(16)?
5
Let n(j) be the first derivative of -j**3/3 + 15*j**2 - 40*j - 1177. Calculate n(28).
16
Suppose 112 = -2*j - 14*j. Let x(g) = -2*g + 23. Calculate x(j).
37
Let u(x) = -x**3 - 3*x**2 - 2*x - 3. Suppose 2*c = 8, 2*l = 5*c - 17 + 5. Suppose t - l = 0, 0 = -3*k - k + 5*t - 32. Determine u(k).
3
Let v = -6785 - -13573/2. Let q(c) be the third derivative of 7/24*c**4 + 1/12*c**5 - 21*c**2 + 0 + 0*c - 1/120*c**6 - v*c**3. Give q(6).
-3
Let i(m) = -m**2 - 16*m - 7. Let q be i(-19). Let g = 68 + q. Let z(t) = -8*t - 7*t - 3*t + g*t. Calculate z(-1).
14
Let j(g) = 8*g. Suppose 251*v - 245*v - 12 = 0. Suppose v*y + 8 = 4*z, 5*z - 47 = -5*y - 7. Calculate j(y).
32
Suppose -157*r + 161*r + 8 = -44. Let i(z) = 2*z**2 + 19*z + 7. Determine i(r).
98
Let p = -35 + 37. Let a(u) = p - 4*u**2 - 4 + 1 - 3*u. Let f = 25 + -27. Calculate a(f).
-11
Let d(g) = -16*g - 18. Let r(w) = -13*w - 18. Let o(v) = -3*d(v) + 4*r(v). Calculate o(0).
-18
Let z(s) be the second derivative of 18*s + 9 + 1/12*s**4 + 7/6*s**3 - 5/2*s**2. Suppose 3*f = -21 - 3. Determine z(f).
3
Let v(g) be the second derivative of -g**5/10 - g**4/12 + g**3/6 - g**2/2 + 2*g. Let t be (-18)/4 + (-3195)/(-1278). Calculate v(t).
9
Let p(s) = s**3 - 3*s**2 - 2*s - 4. Let d be ((-4)/7)/(2*(-2)/28). Suppose -5*b = 5, d*u - 2*b = 20 - 6. Give p(u).
-10
Let y(f) = -f**3 - 3*f**2 + 14*f + 13. Suppose 0*r + 3*r - 46 = 5*n, 21 = 3*r. Calculate y(n).
-7
Suppose 10*g - 8*g = -344. Let x = 179 + g. Let s(d) be the second derivative of d**4/12 - d**3 - 3*d**2/2 + d. Determine s(x).
4
Let g(y) = -y - 1. Let i(a) = -2*a + 21. Let k be (-4)/8*(17 + -3). Let m be i(k). Let w be 10/m + (-33)/(-7). Determine g(w).
-6
Let v(y) = y - 3. Let x be (4/6)/(8/24). Let a = -19 + 40. Suppose t = -x*t + a. What is v(t)?
4
Suppose 91*v - 94*v + 45 = -4*m, -5*v + 41 = -m. Let l(i) be the second derivative of -i**3/6 + 9*i**2 + i. Calculate l(v).
11
Suppose 0 = 5*r - 2*r + 18. Let q(y) be the second derivative of -3/2*y**2 - 82*y + 1/20*y**5 + 1 + 7/12*y**4 + 7/6*y**3. Determine q(r).
-9
Let v = 6870 + -6880. Let l(z) = -z**2 - 8*z - 25. Determine l(v).
-45
Let c(a) = 2*a - 9*a**2 - 6 + 2*a**2 + 5*a**2 + 3*a**2 - 4. Let v(l) = l**2 - 9. Let h(m) = -3*c(m) + 4*v(m). Give h(6).
-6
Let q(y) be the second derivative of 0 + 3/2*y**2 + 1/6*y**3 + 96*y. Calculate q(4).
7
Suppose -4*r - 33 = -41, -4*r = -5*p + 32. Let t(c) = -9*c + 19. Determine t(p).
-53
Let z(q) = 47*q**2 + 6*q + 5. Let f(k) = -33*k**2 - 4*k - 3. Let m(r) = 10*f(r) + 7*z(r). Suppose 0 = -4*h - t + 26, 3*t - 22 = -4*h. Calculate m(h).
-30
Let r(a) = -a**2 - 2. Let c(y) = -6*y**2 - 10*y - 13. Let k(i) = -c(i) + 5*r(i). What is k(-9)?
-6
Suppose -6*r + 11 = -55. Let w be (-1 - r)/(4/(-10)). Suppose 3*o - 31 = y - 2*y, -3*y + w = 2*o. Let h(v) = v**2 - 7*v - 12. Determine h(o).
6
Let w = -10 - -16. Let s(i) be the third derivative of i**5/60 - i**4/12 + i**3/3 - 499*i**2. Calculate s(w).
26
Let j(c) = -2*c**2 - 3*c + 278. Let h be j(11). Let t(z) = -z + 11. Calculate t(h).
8
Suppose -99*n + 4590 = 156*n. Let p(u) = -2*u - 21. Calculate p(n).
-57
Let w be 55/(-2)*(-1 - (-4)/(-20)). Suppose -4*p + n = -w, -8*p + 5*p - 5*n = -19. Let j = p - 2. Let k(q) = q - 13. What is k(j)?
-7
Let q(z) = -86*z**2 - 49*z + 18. Let v(x) = -47*x**2 - 26*x + 9. Let c(y) = -6*q(y) + 11*v(y). Determine c(10).
-29
Let a(f) be the third derivative of f**4/24 + f**3/2 - 2*f**2 - 448. Let v be 1/(-3) - 62/3. Let i = 15 + v. Calculate a(i).
-3
Let q(g) be the second derivative of -g**3/2 - 2*g**2 + g. Suppose -u + 325 - 914 = 5*s, -4*s = -2*u + 460. Let i = 114 + s. Determine q(i).
5
Let j(a) = 48*a - 185*a + 48*a - 30 + 87*a - 46. What is j(-30)?
-16
Let t(d) = -9*d**2 + d - 1. Let x be t(1). Let h(k) = -k**3 + k - 11. Let w(j) = -5*j**3 + 9*j**2 + 3*j - 73. Let r(v) = 6*h(v) - w(v). Calculate r(x).
-20
Suppose 0 = 122*n + 50*n - 138 + 310. Let i(c) = -80*c**3 - c**2 - 2*c - 2. Give i(n).
79
Suppose -5*p - 75 = -5*j, 2*p - p + j + 7 = 0. Let k(t) = -27*t + 70*t + 13*t + 9 - 27*t - 28*t. Calculate k(p).
-2
Let z(y) = 7*y. Let g(j) = -15*j - 1. Let l(p) = -2*g(p) - 5*z(p). Suppose -h = -2*b - 8, 0 = 56*h - 57*h. Determine l(b).
22
Let z(h) = -11*h - 143. Let n(q) = 4*q + 51. Let a(v) = 17*n(v) + 6*z(v). Calculate a(-10).
-11
Let x be (-4 - -3)/((-5)/25). Suppose 0 = 4*q + s - 0 - 6, x*s + 2 = -4*q. Let b(a) = a**q - a**3 + 2 + 1 + 10*a**3 - 8*a**3 - a. Calculate b(0).
3
Let r(t) = t**3 - 3*t + 15. Let f be 126/420 + (-3)/10. What is r(f)?
15
Let h(k) = 5*k**3 + 17*k**2 - 46*k + 12. Let b(w) = 17*w**3 + 50*w**2 - 140*w + 35. Let j(t) = -2*b(t) + 7*h(t). Calculate j(-21).
14
Let q = 11750 - 11755. Let n(p) = -p**2 + 7*p + 30. Determine n(q).
-30
Let c(k) be the second derivative of k**3/6 - k**2/2 - 324*k - 4. Determine c(-4).
-5
Let y(v) = 7*v + 1. Let m(l) = 21*l + 185. Let j be m(-9). Give y(j).
-27
Let t(b) = 2*b + 6. Suppose -q - 5*a - 16 = -3*q, 0 = -3*q + 5*a + 34. Let d(z) = z**3 - 18*z**2 + z - 24. Let x be d(q). Determine t(x).
-6
Let q(h) = h**3 - 2*h**2 - 7*h + 8. Let p be ((-252)/56)/((-3)/8). Suppose 49 = p*d + 13. Calculate q(d).
-4
Let a(x) be the third derivative of -x**4/12 + x**3/3 - x**2. Let y(n) = 2*n**2 + 56*n + 18. Let f be y(-28). Suppose 0 = -4*i - 6 + f. Calculate a(i).
-4
Let v = -93 + 91. Let u be (-1 - v)*-12*6/(-8). Suppose 5*f = -2*s, 3*s - u - 6 = 0. Let l(w) = -w**3 - 2*w**2 + 2*w - 1. Give l(f).
-5
Let a(k) = -9*k**2 + 6*k + 0*k + 4*k - 4*k + 1733*k**3 + 17 - 1734*k**3. What is a(-10)?
57
Let m(a) = 55*a - 24. Let b(s) = -410*s + 167. Let d(q) = -2*b(q) - 15*m(q). Give d(14).
-44
Let u(x) = -x**3 + 2*x**2 - 4*x + 1. Let z(i) = 19*i**3 + 3*i**2 + 4*i + 4. Let m be z(-3). Let o = -491 - m. Calculate u(o).
-20
Let r be (6/(-12) - 1 - -1)/((-1)/4). Let n(c) = c**2 - c - 3. Let a(p) = -p + 1. Let i(d) = -3*a(d) - n(d). Determine i(r).
4
Let q(j) = -j**3 - 3*j**2 + 3*j - 2. Suppose -4*x - 4 = 3*v, -x + 1163 = 4*v + 1164. Calculate q(v).
-2
Let s be 20/(-780)*-65 - (-32)/6. Let i(x) = 1 + 8*x**2 - 7*x**2 + 3*x - 6*x - 3. Calculate i(s).
26
Let a = 183 + -181. Let y(h) = 119*h**2 - 55*h**2 - 3*h**3 - 62*h**a - 1. Suppose -7*n + 4*d = -3*n + 4, -3*n + d = 3. Determine y(n).
4
Let j(b) = 0*b - b - 14 - 3*b**2 - 8*b + 13 + 3. Let x(t) = 4*t**2 + 9*t - 2. Let p(u) = 3*j(u) + 2*x(u). What is p(-8)?
10
Let v = -377 - -1025. Let h(x) = x**2 + v - 640 - x**2 - x**2. What is h(0)?
8
Let x(k) = 2 + 3 + 3*k**3 - 4*k**2 - 4*k**3 - k + 2*k**3. Suppose -2*c - 16 = 2*g, c + 3 = -3*g - 9. Let r be (-2)/c*-2*(-42